highest common divisor of 2360 and 6920?
40
Calculate the highest common divisor of 315 and 1756545.
105
Calculate the greatest common factor of 1501746 and 408.
102
What is the greatest common factor of 188 and 190444?
188
Calculate the highest common factor of 2582377 and 7.
7
What is the greatest common divisor of 44442 and 4482?
54
What is the highest common factor of 21 and 3055409?
7
What is the highest common factor of 871 and 227599?
67
What is the highest common divisor of 1165985 and 115?
115
Calculate the highest common divisor of 779275 and 365.
365
What is the greatest common divisor of 85 and 629?
17
Calculate the highest common divisor of 43923 and 1617.
33
What is the greatest common divisor of 22 and 1133957?
11
Calculate the greatest common factor of 144 and 87456.
48
Calculate the greatest common divisor of 33852 and 3534.
186
Calculate the greatest common factor of 158212 and 296.
148
What is the highest common factor of 25 and 156725?
25
What is the greatest common factor of 1701 and 5817?
21
What is the highest common divisor of 406688 and 852?
284
Calculate the highest common divisor of 33 and 161557.
11
What is the highest common factor of 396816 and 896?
112
Calculate the greatest common factor of 1574490 and 120.
30
What is the highest common divisor of 33 and 902?
11
Calculate the highest common factor of 9 and 25443.
9
What is the highest common divisor of 1608 and 4296?
24
What is the highest common factor of 105 and 91005?
15
Calculate the highest common divisor of 1149 and 4204191.
1149
Calculate the highest common divisor of 582 and 70810.
194
What is the highest common divisor of 292 and 892?
4
What is the highest common factor of 57 and 636063?
57
Calculate the greatest common factor of 16992 and 1296.
144
Calculate the highest common divisor of 15 and 404040.
15
Calculate the greatest common divisor of 14053 and 4277.
611
Calculate the highest common factor of 16624 and 176.
16
What is the greatest common divisor of 61152 and 432?
48
What is the greatest common divisor of 300 and 489110?
10
What is the highest common divisor of 6 and 76126?
2
What is the greatest common divisor of 8240 and 112?
16
Calculate the greatest common factor of 21126 and 12894.
42
What is the greatest common divisor of 7205210 and 690?
230
Calculate the highest common divisor of 818606 and 820.
82
Calculate the highest common divisor of 33 and 126269.
11
What is the greatest common divisor of 4343 and 731?
43
What is the highest common factor of 28816 and 8?
8
What is the greatest common factor of 1592 and 246362?
398
Calculate the highest common factor of 1574145 and 120.
15
Calculate the highest common divisor of 46 and 20035714.
46
Calculate the highest common factor of 2216 and 21256.
8
Calculate the greatest common divisor of 84 and 129876.
12
Calculate the highest common divisor of 27 and 70443.
27
What is the highest common factor of 1606 and 13046?
22
Calculate the greatest common divisor of 64881 and 534.
267
What is the highest common factor of 180 and 2507100?
60
What is the greatest common factor of 516 and 58136?
172
What is the highest common factor of 213 and 95637?
213
What is the highest common factor of 72 and 10620?
36
Calculate the highest common factor of 263 and 94417.
263
Calculate the highest common divisor of 56 and 47952.
8
What is the greatest common factor of 3950 and 760?
10
What is the greatest common divisor of 24157 and 7497?
833
What is the highest common divisor of 1120620 and 1140?
1140
Calculate the highest common divisor of 231 and 554631.
231
What is the greatest common factor of 78 and 60008?
26
Calculate the highest common factor of 715566 and 998.
998
What is the highest common factor of 67475 and 100?
25
Calculate the highest common divisor of 155 and 8875.
5
What is the highest common factor of 454 and 31099?
227
What is the greatest common divisor of 8787 and 3828?
87
Calculate the greatest common divisor of 90 and 13690.
10
What is the highest common divisor of 8203 and 26?
13
What is the greatest common divisor of 2704 and 208?
208
Calculate the highest common divisor of 32054 and 235.
47
What is the highest common factor of 248 and 99293?
31
What is the greatest common divisor of 111298 and 66?
22
Calculate the greatest common factor of 6989 and 102515.
29
What is the greatest common factor of 84873 and 171?
57
Calculate the highest common divisor of 2876 and 1310737.
719
Calculate the greatest common factor of 127687 and 29.
29
What is the greatest common factor of 289005 and 960?
15
Calculate the greatest common divisor of 136 and 30702.
34
What is the greatest common divisor of 423 and 135?
9
Calculate the highest common divisor of 15668 and 1164.
4
What is the highest common factor of 558 and 328755?
93
Calculate the highest common factor of 28014 and 7728.
966
What is the highest common factor of 18 and 92457?
9
Calculate the highest common divisor of 280 and 639135.
35
What is the highest common divisor of 89224 and 1672?
152
Calculate the greatest common divisor of 64 and 23024.
16
What is the highest common divisor of 3332 and 2295?
17
Calculate the highest common divisor of 101 and 121604.
101
What is the highest common divisor of 19275 and 3900?
75
What is the highest common factor of 1336 and 495322?
334
What is the highest common factor of 30 and 392940?
30
What is the highest common factor of 113300 and 4675?
275
Calculate the greatest common divisor of 2094 and 474.
6
What is the greatest common factor of 2766 and 3655269?
1383
Calculate the highest common factor of 82767 and 423.
141
What is the greatest common divisor of 9261 and 3645?
27
Calculate the greatest common divisor of 3111 and 189222.
183
Calculate the highest common divisor of 4352 and 4165.
17
Calculate the greatest common factor of 77676 and 36.
12
What is the greatest common factor of 668371 and 11?
11
What is the greatest common divisor of 75 and 18285?
15
What is the highest common divisor of 2112 and 24464?
176
Calculate the greatest common divisor of 1061508 and 168.
84
Calculate the greatest common divisor of 244005 and 105.
15
Calculate the highest common factor of 279819 and 180.
9
What is the greatest common divisor of 760 and 838280?
760
What is the greatest common factor of 20570 and 154?
22
Calculate the greatest common factor of 115 and 3473920.
115
What is the highest common divisor of 1082064 and 16?
16
Calculate the greatest common divisor of 1806972 and 460.
92
Calculate the highest common factor of 312 and 13611.
39
Calculate the greatest common factor of 39520 and 65.
65
What is the highest common factor of 84231 and 3087?
441
Calculate the highest common factor of 533 and 10783.
41
What is the greatest common divisor of 3699 and 349761?
411
What is the greatest common divisor of 24129 and 441?
63
What is the greatest common divisor of 951384 and 504?
168
Calculate the greatest common divisor of 63858 and 40890.
174
What is the highest common divisor of 1 and 17851?
1
Calculate the greatest common factor of 729743 and 427.
427
Calculate the greatest common divisor of 1337513 and 2931.
977
Calculate the highest common factor of 209088 and 1760.
352
Calculate the highest common factor of 279 and 115227.
279
What is the highest common factor of 44 and 3261038?
22
What is the greatest common divisor of 21845 and 35?
5
What is the greatest common factor of 8100 and 34600?
100
Calculate the greatest common factor of 2 and 18527.
1
Calculate the greatest common divisor of 211 and 784709.
211
What is the highest common factor of 80 and 929360?
80
Calculate the highest common factor of 232 and 7416.
8
What is the greatest common factor of 9895 and 10?
5
What is the highest common factor of 39360 and 90?
30
What is the greatest common factor of 691486 and 11780?
1178
Calculate the highest common factor of 559220 and 180.
20
What is the highest common divisor of 1856918 and 56?
14
Calculate the greatest common factor of 101684 and 66.
22
Calculate the highest common divisor of 255 and 2941.
17
Calculate the greatest common divisor of 1086 and 113306.
362
What is the greatest common factor of 11 and 1484?
1
Calculate the highest common divisor of 394 and 308896.
394
What is the highest common fac